2, 11
Let o(v) = v**2 + 3*v + 1. Suppose 18 - 3 = 3*w. Suppose -2*g = c - 0*g + 5, 4*g + 31 = w*c. List the prime factors of o(c).
19
Let b = -58 + 103. Suppose 26*y = 25*y + b. What are the prime factors of y?
3, 5
Suppose 5 = 3*k - 1. List the prime factors of k + 2 + (-2 - 3) + 18.
17
Suppose 15*u + 16 + 14 = 0. List the prime factors of u/((-12)/10)*30.
2, 5
Let a(u) = u**3 + 5*u**2 - 7*u + 10. What are the prime factors of a(6)?
2, 7, 13
Let c be (-17 - -6)*-3*8. Let o = -148 + c. What are the prime factors of o?
2, 29
Let o(g) = 28*g + 733. What are the prime factors of o(33)?
1657
Let t(z) = -5 + 4*z + 0*z**2 - 8*z + z**2 + 0. Let j be t(5). Let u = 30 + j. List the prime factors of u.
2, 3, 5
Suppose -2*c - 384 = 94. Let x = 931 + c. What are the prime factors of x/28 + (-4)/(-14)?
5
Let h be 2 + 3 + -3 + 1. Suppose 2*b + 1 = h*j - 3, j - b = 0. List the prime factors of j.
2
Let y = 389 + -1. List the prime factors of y.
2, 97
Let a(m) = -24*m - 26. Let o be a(-8). Let u = o - 30. What are the prime factors of u?
2, 17
Let q(h) = h**3 + 5*h**2 - 3*h - 1. Let m be 0 - 0 - (4 + -1). Let w be q(m). Suppose -w = -4*o + 38. What are the prime factors of o?
2
Suppose -3*w - 95 - 301 = 0. Let r = w + 217. List the prime factors of r.
5, 17
Suppose -s + 11 = -0. Let p(a) = a**2 - 3*a + 18. List the prime factors of p(s).
2, 53
Suppose 0*a = -5*a + 10. Let u(s) = -s**3 + 16*s**2 - 18*s + 46. Let y be u(15). What are the prime factors of y - (a - (3 + 49))?
3, 17
Let b be (-8)/5 + (-4)/10. Let m be (6/7)/(b/14). What are the prime factors of 255/11 + m/33?
23
Let j be ((-2)/(-1) + 31)/((-3)/(-3)). Suppose -5*p - 3*r = -2*p - j, 3*p - r - 33 = 0. What are the prime factors of p?
11
Suppose 0 = 4*q + 3*y - 11063, 17*q - 8*q + 2*y - 24887 = 0. List the prime factors of q.
5, 7, 79
Let d be 3/6*12*-1. Let g be (-37)/3 + (-2)/d. What are the prime factors of g/(-15)*115/2?
2, 23
Let v(a) = a**3 + 11*a**2 + 13*a - 2. Let l be v(-10). Let s = l + 59. Suppose s = -0*x + x. What are the prime factors of x?
3
Let m(c) be the second derivative of 103*c**3/6 - 2*c**2 - 3*c. Let w be m(-2). List the prime factors of ((-4)/(-5))/((-7)/w).
2, 3
Let y(v) = -227*v - 9. List the prime factors of y(-25).
2, 2833
What are the prime factors of (-657)/(-12)*(9 - 5)?
3, 73
Let g(a) = -a**3 + 4*a**2 - 2*a + 3. Let r be 1 + -4 + 3 + 3. List the prime factors of g(r).
2, 3
Let g be (-1)/2 + 2/(-4). Let k(t) = t**3 - 10*t**2 + 15*t + 14. Let q be k(8). Let w = q - g. What are the prime factors of w?
7
Let y(s) = 2416*s + 101. List the prime factors of y(2).
4933
Let q = 365 - 67. Suppose -2 - q = -3*c + 5*j, 0 = 4*c - 5*j - 400. What are the prime factors of c?
2, 5
Let t(v) = -v**3 + 13*v**2 - 9*v - 1. Let g be t(10). Let m be g/(-77) + (-2)/7. List the prime factors of 1 - -23*(0 - m).
2, 5, 7
Suppose 5 + 15 = 5*g. Suppose -g*w + 7 = i, -67 - 6 = -5*i - w. What are the prime factors of i?
3, 5
What are the prime factors of (-7)/(21/307)*(-4 + 1)?
307
Let r(q) = q**2 - 5*q - 5. Let j be r(-6). Suppose -5*d = 5*w - 455, w + 3*d = 64 + 31. Let l = w - j. List the prime factors of l.
2, 7
Let a(r) = r**2 - 3*r + 4. Let n be 3/9 - 56/(-12). Let t be a(n). List the prime factors of 4/14 - (-346)/t.
5
Let g(i) = i**3 + 11*i**2 + 11*i + 7. Let z be g(-10). Let h be -18*-4*z/(-18). Suppose 6*w - h - 6 = 0. What are the prime factors of w?
3
What are the prime factors of 2668 + -19 + 72/6?
3, 887
Let r = -2000 + 2819. What are the prime factors of r?
3, 7, 13
Let b = 17 - -930. What are the prime factors of b?
947
Let y = -689 - -1175. What are the prime factors of y?
2, 3
Let x(z) = -17*z + 2838. What are the prime factors of x(0)?
2, 3, 11, 43
Suppose -3*n = -2*l - 8095, -4*n = -5*n + 4*l + 2685. List the prime factors of n.
37, 73
Let o(l) = -l**3 - 5*l**2 - 20*l - 2. Suppose 0 = -5*b - b - 36. List the prime factors of o(b).
2, 7, 11
Let u(h) be the third derivative of h**4/24 + 5*h**3/3 + 9*h**2. Let j be u(-7). Suppose 0 = o + j*o - 256. List the prime factors of o.
2
Let l(g) = g**2 + 21*g - 2. Let j be l(-9). What are the prime factors of -4 - (j + (3 - 1))?
2, 13
Let x = -3 - -2. What are the prime factors of (2/(-4))/(x/1)*70?
5, 7
Let q(y) = y + 6. Let a be q(6). Suppose -2*d + t = -2*t - 5, -4*d = -4*t - a. List the prime factors of (-3)/(1 - d) + 22.
23
Suppose 5*n - 4*k - 7965 = 0, 0 = -4*k + 29 - 9. List the prime factors of n.
1597
Let f = -33 - -413. What are the prime factors of f?
2, 5, 19
Let f be 1776/20 + -5 - 1/(-5). Suppose 0*j + f = 2*j. What are the prime factors of j?
2, 3, 7
Let y(p) = p**3 + 11*p**2 + 17*p - 5. Let c be y(-9). Suppose 3*n + 59 = -2*b + 450, -794 = -c*b - 2*n. What are the prime factors of b?
2, 5
Suppose -117*g = -116*g - 515. What are the prime factors of g?
5, 103
Let c(h) = h**3 - 8*h**2 + 8*h + 10. Let u = -5 + 12. Let o be c(u). Let w = o - 4. List the prime factors of w.
13
Suppose 5 = 12*t - 127. Suppose -1044 = 7*j - t*j. What are the prime factors of j?
3, 29
Let t(w) = w**3 + 4*w**2 + 4. Let v be t(-4). Let z be (v - 2) + -4 - 0. Let b = z - -6. List the prime factors of b.
2
List the prime factors of (9/(-18) + 1)*(1250 + 0).
5
Let h be (67/3 + -2)*3. Let v = 125 - h. What are the prime factors of v?
2
Let a = 770 - 436. Suppose -5*n + 133 = y - 0, 2*n - a = -3*y. What are the prime factors of y?
2, 3
Let a(l) = 2*l**3 - 7*l**2 + 4*l - 4. Let i be a(5). Let y = i + -128. Let d = -13 - y. List the prime factors of d.
2, 3
Let a be -5 - -3 - 2*-3. Suppose a*x = 2*x - 48. List the prime factors of (-6)/(-8) + (-342)/x.
3, 5
Let p = -19 - -16. Let q = p + 67. List the prime factors of q.
2
Suppose 3*s = 4*j + 45, -3*s + j - 3 = -48. List the prime factors of (-40)/2*(-66)/s.
2, 11
Let f = -495 + 696. List the prime factors of f.
3, 67
Suppose f = 4*j - 503, -2 = -2*f - 0. List the prime factors of j.
2, 3, 7
Let y(x) = 25*x**2 - 4*x + 3. Let q be y(2). Let a = q + -61. What are the prime factors of a?
2, 17
Suppose -3*s + 2432 + 269 = b, 0 = s + 3*b - 903. List the prime factors of s.
2, 3, 5
List the prime factors of (-4820)/(-15)*(-60)/(-8).
2, 5, 241
What are the prime factors of 1/(-2) + (-1338)/(-4) + 0?
2, 167
Let r(t) = -7 + 25 - 5*t + 27*t**2 - 9. What are the prime factors of r(3)?
3, 79
Suppose 5 = -d + 5*o, 2*d - 5*o + 3*o = 22. Suppose 10*v + 315 = d*v. List the prime factors of v.
3, 7
Suppose 0*i = 4*i + 5*m - 9455, -i - 3*m + 2362 = 0. What are the prime factors of i?
5, 11, 43
Suppose 3*t - 3*l = t - 47, -5*l = -15. Let f = -1 - t. What are the prime factors of f?
2, 3
Let z(s) = s - 3. Let k = -7 + 0. Let a be z(k). What are the prime factors of (a + 8)*122/(-4)?
61
Let z(r) = 2*r**2 - 10*r - 1. Let d be z(6). List the prime factors of (d - 13)*(-1 - 56).
2, 3, 19
Suppose -x = -s + 85, -3*s = -s + 8. Let z = x - -328. List the prime factors of z.
239
Let h(v) = 60*v + 8. Let p(f) = -f - 3. Let l be p(-7). What are the prime factors of h(l)?
2, 31
Let b(l) = -l**2 - 32*l + 20. Let u = 88 - 106. List the prime factors of b(u).
2, 17
Suppose -11*u = -3296 - 11752. What are the prime factors of u?
2, 3, 19
Let a = 182 + -124. Let b be ((-6)/9*-21)/1. Suppose 5*n + a = 3*v, -2*n + 20 = 4*v - b. What are the prime factors of v?
11
List the prime factors of 6/12 - 5541/(-6).
2, 3, 7, 11
Let h(j) = -j**3 + 2*j**2 - 3*j + 4. Let g be h(4). Let u be (-256)/g - (-2)/(-5). List the prime factors of 3/2*(u - 0).
3
Suppose 42*a - 40*a = 434. List the prime factors of a.
7, 31
Suppose 89 + 223 = -4*u. What are the prime factors of (u/156)/(1*(-1)/390)?
3, 5, 13
Let d be (-4 - 6)*1/(-2). Suppose 3*h + 118 = d*h - 2*j, -4*h + 234 = -2*j. What are the prime factors of h?
2, 29
Suppose -11*f = -12*f. Let p(k) = k**2 - k + 16. List the prime factors of p(f).
2
Let o = 19 + -17. Suppose -2*a + 248 = o*a. What are the prime factors of a?
2, 31
Suppose m - 7 = q - 0*q, -5*q - 4*m - 35 = 0. Let i = 17 + q. Suppose 40 - i = 3*j. List the prime factors of j.
2, 5
Suppose 148 = 9*m - 11*m. What are the prime factors of -4 - (m - 6/(-2))?
67
Suppose -3*q = 4*o - 225, 0 = 10*q - 6*q + 4*o - 296. Suppose 599 = 5*z - q. List the prime factors of z.
2, 67
Let v(m) = -m**2 - 5*m - 3. Let y be v(-4). Let d(l) = 49*l**3 + 2*l**2 - 1. What 